{"id":1684,"date":"2024-05-08T10:32:08","date_gmt":"2024-05-08T10:32:08","guid":{"rendered":"https:\/\/directionpeche.tn\/?post_type=product&#038;p=1684"},"modified":"2024-05-08T12:18:45","modified_gmt":"2024-05-08T12:18:45","slug":"fil-super-iso-150m","status":"publish","type":"product","link":"https:\/\/directionpeche.tn\/?product=fil-super-iso-150m","title":{"rendered":"FIL TRABUCCO SUPER ISO 150M"},"content":{"rendered":"<p>Trabucco Tournament Super ISO est un fil monofilament sp\u00e9cialement con\u00e7u pour les p\u00eacheurs en mer, et convient \u00e9galement \u00e0 la p\u00eache \u00e0 la carpe.\u00a0Le fil a un diam\u00e8tre constant sur toute sa longueur, r\u00e9siste \u00e0 la rupture et \u00e0 l\u2019abrasion, \u00e9tant un fil tr\u00e8s populaire parmi les p\u00eacheurs du Danube, o\u00f9 le risque d\u2019accrocher le support est tr\u00e8s \u00e9lev\u00e9 en raison des structures immerg\u00e9es.\u00a0La couche de protection emp\u00eache le vieillissement pr\u00e9matur\u00e9 du fil caus\u00e9 par les rayons UV et l\u2019action corrosive de l\u2019eau.\u00a0La vitesse de plong\u00e9e est au plus haut niveau, le frottement de l\u2019eau \u00e9tant minime.\u00a0Cela garantit un mouvement rapide du fil dans l\u2019eau, donc un meilleur contact avec le poisson, r\u00e9sultant en une piq\u00fbre rapide et s\u00fbre.<\/p>\n","protected":false},"excerpt":{"rendered":"<p>Trabucco Tournament Super ISO est un fil monofilament sp\u00e9cialement con\u00e7u pour les p\u00eacheurs en mer, et convient \u00e9galement \u00e0 la<\/p>\n","protected":false},"featured_media":1681,"comment_status":"open","ping_status":"closed","template":"","meta":[],"product_brand":[],"product_cat":[74,80],"product_tag":[],"class_list":{"0":"post-1684","1":"product","2":"type-product","3":"status-publish","4":"has-post-thumbnail","6":"product_cat-fils","7":"product_cat-fils-surfcasting","9":"first","10":"instock","11":"taxable","12":"shipping-taxable","13":"purchasable","14":"product-type-variable"},"jetpack_sharing_enabled":true,"_links":{"self":[{"href":"https:\/\/directionpeche.tn\/index.php?rest_route=\/wp\/v2\/product\/1684","targetHints":{"allow":["GET"]}}],"collection":[{"href":"https:\/\/directionpeche.tn\/index.php?rest_route=\/wp\/v2\/product"}],"about":[{"href":"https:\/\/directionpeche.tn\/index.php?rest_route=\/wp\/v2\/types\/product"}],"replies":[{"embeddable":true,"href":"https:\/\/directionpeche.tn\/index.php?rest_route=%2Fwp%2Fv2%2Fcomments&post=1684"}],"version-history":[{"count":2,"href":"https:\/\/directionpeche.tn\/index.php?rest_route=\/wp\/v2\/product\/1684\/revisions"}],"predecessor-version":[{"id":1711,"href":"https:\/\/directionpeche.tn\/index.php?rest_route=\/wp\/v2\/product\/1684\/revisions\/1711"}],"wp:featuredmedia":[{"embeddable":true,"href":"https:\/\/directionpeche.tn\/index.php?rest_route=\/wp\/v2\/media\/1681"}],"wp:attachment":[{"href":"https:\/\/directionpeche.tn\/index.php?rest_route=%2Fwp%2Fv2%2Fmedia&parent=1684"}],"wp:term":[{"taxonomy":"product_brand","embeddable":true,"href":"https:\/\/directionpeche.tn\/index.php?rest_route=%2Fwp%2Fv2%2Fproduct_brand&post=1684"},{"taxonomy":"product_cat","embeddable":true,"href":"https:\/\/directionpeche.tn\/index.php?rest_route=%2Fwp%2Fv2%2Fproduct_cat&post=1684"},{"taxonomy":"product_tag","embeddable":true,"href":"https:\/\/directionpeche.tn\/index.php?rest_route=%2Fwp%2Fv2%2Fproduct_tag&post=1684"}],"curies":[{"name":"wp","href":"https:\/\/api.w.org\/{rel}","templated":true}]}}