{"id":1919,"date":"2024-05-11T10:46:26","date_gmt":"2024-05-11T10:46:26","guid":{"rendered":"https:\/\/directionpeche.tn\/?post_type=product&#038;p=1919"},"modified":"2024-05-11T10:46:26","modified_gmt":"2024-05-11T10:46:26","slug":"moulinet-trabucco-vektor","status":"publish","type":"product","link":"https:\/\/directionpeche.tn\/?product=moulinet-trabucco-vektor","title":{"rendered":"MOULINET TRABUCCO VEKTOR"},"content":{"rendered":"<h5>&#8211; Moulinet Long Cast en aluminium<\/h5>\n<h5>&#8211; Manche \u00e0 manivelle \u00e9quilibr\u00e9e avec bouton ergonomique<\/h5>\n<h5>&#8211; Rouleau guide-fil AS (Anti Twist System)<\/h5>\n<h5>&#8211; Embrayage avant microm\u00e9trique<\/h5>\n<h5>&#8211; Fil Max Plus d\u00e9j\u00e0 charg\u00e9 sur la bobine<\/h5>\n","protected":false},"excerpt":{"rendered":"<p>&#8211; Moulinet Long Cast en aluminium &#8211; Manche \u00e0 manivelle \u00e9quilibr\u00e9e avec bouton ergonomique &#8211; Rouleau guide-fil AS (Anti Twist<\/p>\n","protected":false},"featured_media":1920,"comment_status":"open","ping_status":"closed","template":"","meta":[],"product_brand":[],"product_cat":[88,163,72,79],"product_tag":[],"class_list":{"0":"post-1919","1":"product","2":"type-product","3":"status-publish","4":"has-post-thumbnail","6":"product_cat-moulinets","7":"product_cat-moulinets-spinning","8":"product_cat-moulinetsbateau","9":"product_cat-moulinetssurfcasting","11":"first","12":"instock","13":"taxable","14":"shipping-taxable","15":"purchasable","16":"product-type-variable"},"jetpack_sharing_enabled":true,"_links":{"self":[{"href":"https:\/\/directionpeche.tn\/index.php?rest_route=\/wp\/v2\/product\/1919","targetHints":{"allow":["GET"]}}],"collection":[{"href":"https:\/\/directionpeche.tn\/index.php?rest_route=\/wp\/v2\/product"}],"about":[{"href":"https:\/\/directionpeche.tn\/index.php?rest_route=\/wp\/v2\/types\/product"}],"replies":[{"embeddable":true,"href":"https:\/\/directionpeche.tn\/index.php?rest_route=%2Fwp%2Fv2%2Fcomments&post=1919"}],"version-history":[{"count":1,"href":"https:\/\/directionpeche.tn\/index.php?rest_route=\/wp\/v2\/product\/1919\/revisions"}],"predecessor-version":[{"id":1923,"href":"https:\/\/directionpeche.tn\/index.php?rest_route=\/wp\/v2\/product\/1919\/revisions\/1923"}],"wp:featuredmedia":[{"embeddable":true,"href":"https:\/\/directionpeche.tn\/index.php?rest_route=\/wp\/v2\/media\/1920"}],"wp:attachment":[{"href":"https:\/\/directionpeche.tn\/index.php?rest_route=%2Fwp%2Fv2%2Fmedia&parent=1919"}],"wp:term":[{"taxonomy":"product_brand","embeddable":true,"href":"https:\/\/directionpeche.tn\/index.php?rest_route=%2Fwp%2Fv2%2Fproduct_brand&post=1919"},{"taxonomy":"product_cat","embeddable":true,"href":"https:\/\/directionpeche.tn\/index.php?rest_route=%2Fwp%2Fv2%2Fproduct_cat&post=1919"},{"taxonomy":"product_tag","embeddable":true,"href":"https:\/\/directionpeche.tn\/index.php?rest_route=%2Fwp%2Fv2%2Fproduct_tag&post=1919"}],"curies":[{"name":"wp","href":"https:\/\/api.w.org\/{rel}","templated":true}]}}