{"id":2047,"date":"2024-05-14T15:25:09","date_gmt":"2024-05-14T15:25:09","guid":{"rendered":"https:\/\/directionpeche.tn\/?post_type=product&#038;p=2047"},"modified":"2024-08-27T14:00:05","modified_gmt":"2024-08-27T14:00:05","slug":"moulinet-meridian-gt-330","status":"publish","type":"product","link":"https:\/\/directionpeche.tn\/?product=moulinet-meridian-gt-330","title":{"rendered":"MOULINET TRABUCCO MERIDIAN GT 330"},"content":{"rendered":"<div>Compagnons id\u00e9aux pour la p\u00eache \u00e0 la tra\u00eene en M\u00e9diterran\u00e9e. La structure en graphite est la preuve<\/div>\n<div>de corrosion, les joues lat\u00e9rales ont \u00e9t\u00e9 renforc\u00e9es par un anneau en acier inoxydable<\/div>\n<div>pour donner plus de fermet\u00e9. La poign\u00e9e et la bobine sont en aluminium<\/div>\n<div>anodis\u00e9, c&rsquo;est pourquoi les lignes tress\u00e9es peuvent \u00eatre utilis\u00e9es sans probl\u00e8me. L\u00e0<\/div>\n<div>embrayage tr\u00e8s bien modul\u00e9 a Les roulements sont 3+1, tout en inox a<\/div>\n<div>double blindage, pour faire face au milieu marin tr\u00e8s agressif<\/div>\n<div>20LB<\/div>\n","protected":false},"excerpt":{"rendered":"<p>Compagnons id\u00e9aux pour la p\u00eache \u00e0 la tra\u00eene en M\u00e9diterran\u00e9e. La structure en graphite est la preuve de corrosion, les<\/p>\n","protected":false},"featured_media":2928,"comment_status":"open","ping_status":"closed","template":"","meta":[],"product_brand":[],"product_cat":[72],"product_tag":[],"class_list":{"0":"post-2047","1":"product","2":"type-product","3":"status-publish","4":"has-post-thumbnail","6":"product_cat-moulinetsbateau","8":"first","9":"instock","10":"taxable","11":"shipping-taxable","12":"purchasable","13":"product-type-simple"},"jetpack_sharing_enabled":true,"_links":{"self":[{"href":"https:\/\/directionpeche.tn\/index.php?rest_route=\/wp\/v2\/product\/2047","targetHints":{"allow":["GET"]}}],"collection":[{"href":"https:\/\/directionpeche.tn\/index.php?rest_route=\/wp\/v2\/product"}],"about":[{"href":"https:\/\/directionpeche.tn\/index.php?rest_route=\/wp\/v2\/types\/product"}],"replies":[{"embeddable":true,"href":"https:\/\/directionpeche.tn\/index.php?rest_route=%2Fwp%2Fv2%2Fcomments&post=2047"}],"version-history":[{"count":2,"href":"https:\/\/directionpeche.tn\/index.php?rest_route=\/wp\/v2\/product\/2047\/revisions"}],"predecessor-version":[{"id":2055,"href":"https:\/\/directionpeche.tn\/index.php?rest_route=\/wp\/v2\/product\/2047\/revisions\/2055"}],"wp:featuredmedia":[{"embeddable":true,"href":"https:\/\/directionpeche.tn\/index.php?rest_route=\/wp\/v2\/media\/2928"}],"wp:attachment":[{"href":"https:\/\/directionpeche.tn\/index.php?rest_route=%2Fwp%2Fv2%2Fmedia&parent=2047"}],"wp:term":[{"taxonomy":"product_brand","embeddable":true,"href":"https:\/\/directionpeche.tn\/index.php?rest_route=%2Fwp%2Fv2%2Fproduct_brand&post=2047"},{"taxonomy":"product_cat","embeddable":true,"href":"https:\/\/directionpeche.tn\/index.php?rest_route=%2Fwp%2Fv2%2Fproduct_cat&post=2047"},{"taxonomy":"product_tag","embeddable":true,"href":"https:\/\/directionpeche.tn\/index.php?rest_route=%2Fwp%2Fv2%2Fproduct_tag&post=2047"}],"curies":[{"name":"wp","href":"https:\/\/api.w.org\/{rel}","templated":true}]}}