{"id":2050,"date":"2024-05-14T15:28:08","date_gmt":"2024-05-14T15:28:08","guid":{"rendered":"https:\/\/directionpeche.tn\/?post_type=product&#038;p=2050"},"modified":"2026-03-31T11:59:26","modified_gmt":"2026-03-31T11:59:26","slug":"moulinet-trabucco-neptune-sr-15-30","status":"publish","type":"product","link":"https:\/\/directionpeche.tn\/?product=moulinet-trabucco-neptune-sr-15-30","title":{"rendered":"MOULINET TRABUCCO NEPTUNE SR 15\/30"},"content":{"rendered":"<p><strong>Famille de moulinets conventionnels faciles \u00e0 utiliser, durables et fiables. Deux mod\u00e8les, 15\/30 et 20\/40 partageant la plus grande partie des sp\u00e9cifications, \u00e0 l&rsquo;exception du Max Drag, soit 20 lb pour la plus petite taille et 30 livres pour la plus grande. Tous les engrenages sont en eau sal\u00e9e et trait\u00e9s effectuer un rapport de vitesse de 3,8: 1, le bon compromis entre vitesse et puissance. La bobine, et la poign\u00e9e aussi, est faite d&rsquo;aluminium anodis\u00e9, ainsi il peut \u00eatre employ\u00e9 avec des lignes tress\u00e9es. Les deux tailles pr\u00e9sentent un vent de niveau pour une utilisation facile et une pose parfaite. Le corps en graphite est l\u00e9ger r\u00e9sistant au poids et \u00e0 la corrosion. 3 roulements blind\u00e9s en acier inoxydable.<\/strong><\/p>\n","protected":false},"excerpt":{"rendered":"<p>Famille de moulinets conventionnels faciles \u00e0 utiliser, durables et fiables. Deux mod\u00e8les, 15\/30 et 20\/40 partageant la plus grande partie<\/p>\n","protected":false},"featured_media":2051,"comment_status":"open","ping_status":"closed","template":"","meta":[],"product_brand":[],"product_cat":[72],"product_tag":[],"class_list":{"0":"post-2050","1":"product","2":"type-product","3":"status-publish","4":"has-post-thumbnail","6":"product_cat-moulinetsbateau","8":"first","9":"outofstock","10":"taxable","11":"shipping-taxable","12":"purchasable","13":"product-type-simple"},"jetpack_sharing_enabled":true,"_links":{"self":[{"href":"https:\/\/directionpeche.tn\/index.php?rest_route=\/wp\/v2\/product\/2050","targetHints":{"allow":["GET"]}}],"collection":[{"href":"https:\/\/directionpeche.tn\/index.php?rest_route=\/wp\/v2\/product"}],"about":[{"href":"https:\/\/directionpeche.tn\/index.php?rest_route=\/wp\/v2\/types\/product"}],"replies":[{"embeddable":true,"href":"https:\/\/directionpeche.tn\/index.php?rest_route=%2Fwp%2Fv2%2Fcomments&post=2050"}],"version-history":[{"count":1,"href":"https:\/\/directionpeche.tn\/index.php?rest_route=\/wp\/v2\/product\/2050\/revisions"}],"predecessor-version":[{"id":2052,"href":"https:\/\/directionpeche.tn\/index.php?rest_route=\/wp\/v2\/product\/2050\/revisions\/2052"}],"wp:featuredmedia":[{"embeddable":true,"href":"https:\/\/directionpeche.tn\/index.php?rest_route=\/wp\/v2\/media\/2051"}],"wp:attachment":[{"href":"https:\/\/directionpeche.tn\/index.php?rest_route=%2Fwp%2Fv2%2Fmedia&parent=2050"}],"wp:term":[{"taxonomy":"product_brand","embeddable":true,"href":"https:\/\/directionpeche.tn\/index.php?rest_route=%2Fwp%2Fv2%2Fproduct_brand&post=2050"},{"taxonomy":"product_cat","embeddable":true,"href":"https:\/\/directionpeche.tn\/index.php?rest_route=%2Fwp%2Fv2%2Fproduct_cat&post=2050"},{"taxonomy":"product_tag","embeddable":true,"href":"https:\/\/directionpeche.tn\/index.php?rest_route=%2Fwp%2Fv2%2Fproduct_tag&post=2050"}],"curies":[{"name":"wp","href":"https:\/\/api.w.org\/{rel}","templated":true}]}}