{"id":2075,"date":"2024-05-14T16:53:22","date_gmt":"2024-05-14T16:53:22","guid":{"rendered":"https:\/\/directionpeche.tn\/?post_type=product&#038;p=2075"},"modified":"2024-05-14T16:53:22","modified_gmt":"2024-05-14T16:53:22","slug":"canne-trabucco-tsunami-fighter-6","status":"publish","type":"product","link":"https:\/\/directionpeche.tn\/?product=canne-trabucco-tsunami-fighter-6","title":{"rendered":"CANNE TRABUCCO TSUNAMI FIGHTER 6`"},"content":{"rendered":"<p>La configuration en deux brins d&rsquo;\u00e9gale longueur conf\u00e8re \u00e0 cette canne l\u00e9g\u00e8re une taille particuli\u00e8rement r\u00e9duite, ce qui est certainement bien accueilli par les sportifs ne disposant pas de gros bateaux.<\/p>\n<p>Id\u00e9al pour la p\u00eache \u00e0 la tra\u00eene c\u00f4ti\u00e8re, il est construit en verre E pour r\u00e9sister aux courbes extr\u00eames et dispose d&rsquo;anneaux SiC robustes \u00e0 double tige, tandis que le porte-moulinet est de type \u00e0 vis, avec des joues en acier.<\/p>\n<p>La poign\u00e9e est dot\u00e9e d&rsquo;une longue poign\u00e9e avant en EVA, fa\u00e7onn\u00e9e dans la partie inf\u00e9rieure pour permettre une prise s\u00fbre.\u00a0La crosse EVA se termine par un capuchon en caoutchouc, qui d\u00e9couvre la base transversale si n\u00e9cessaire.<\/p>\n<p>La gamme de poids assez large (30lbs) d\u00e9montre qu&rsquo;il s&rsquo;agit d&rsquo;une canne tr\u00e8s polyvalente, \u00e0 utiliser avec succ\u00e8s aussi bien en p\u00eache \u00e0 la tra\u00eene c\u00f4ti\u00e8re superficielle avec app\u00e2ts vivants pour attraper Serra et Lecce Amia, qu&rsquo;en p\u00eache \u00e0 la tra\u00eene avec des vairons de taille moyenne, et en p\u00eache de nuit. pour le calmar.<\/p>\n","protected":false},"excerpt":{"rendered":"<p>La configuration en deux brins d&rsquo;\u00e9gale longueur conf\u00e8re \u00e0 cette canne l\u00e9g\u00e8re une taille particuli\u00e8rement r\u00e9duite, ce qui est certainement<\/p>\n","protected":false},"featured_media":2076,"comment_status":"open","ping_status":"closed","template":"","meta":[],"product_brand":[],"product_cat":[71],"product_tag":[],"class_list":{"0":"post-2075","1":"product","2":"type-product","3":"status-publish","4":"has-post-thumbnail","6":"product_cat-cannes","8":"first","9":"instock","10":"taxable","11":"shipping-taxable","12":"purchasable","13":"product-type-simple"},"jetpack_sharing_enabled":true,"_links":{"self":[{"href":"https:\/\/directionpeche.tn\/index.php?rest_route=\/wp\/v2\/product\/2075","targetHints":{"allow":["GET"]}}],"collection":[{"href":"https:\/\/directionpeche.tn\/index.php?rest_route=\/wp\/v2\/product"}],"about":[{"href":"https:\/\/directionpeche.tn\/index.php?rest_route=\/wp\/v2\/types\/product"}],"replies":[{"embeddable":true,"href":"https:\/\/directionpeche.tn\/index.php?rest_route=%2Fwp%2Fv2%2Fcomments&post=2075"}],"version-history":[{"count":1,"href":"https:\/\/directionpeche.tn\/index.php?rest_route=\/wp\/v2\/product\/2075\/revisions"}],"predecessor-version":[{"id":2078,"href":"https:\/\/directionpeche.tn\/index.php?rest_route=\/wp\/v2\/product\/2075\/revisions\/2078"}],"wp:featuredmedia":[{"embeddable":true,"href":"https:\/\/directionpeche.tn\/index.php?rest_route=\/wp\/v2\/media\/2076"}],"wp:attachment":[{"href":"https:\/\/directionpeche.tn\/index.php?rest_route=%2Fwp%2Fv2%2Fmedia&parent=2075"}],"wp:term":[{"taxonomy":"product_brand","embeddable":true,"href":"https:\/\/directionpeche.tn\/index.php?rest_route=%2Fwp%2Fv2%2Fproduct_brand&post=2075"},{"taxonomy":"product_cat","embeddable":true,"href":"https:\/\/directionpeche.tn\/index.php?rest_route=%2Fwp%2Fv2%2Fproduct_cat&post=2075"},{"taxonomy":"product_tag","embeddable":true,"href":"https:\/\/directionpeche.tn\/index.php?rest_route=%2Fwp%2Fv2%2Fproduct_tag&post=2075"}],"curies":[{"name":"wp","href":"https:\/\/api.w.org\/{rel}","templated":true}]}}