{"id":2224,"date":"2024-05-15T13:49:54","date_gmt":"2024-05-15T13:49:54","guid":{"rendered":"https:\/\/directionpeche.tn\/?post_type=product&#038;p=2224"},"modified":"2024-05-15T13:49:54","modified_gmt":"2024-05-15T13:49:54","slug":"canne-trabucco-oceanic-t-power-surf-4-00m-150gr","status":"publish","type":"product","link":"https:\/\/directionpeche.tn\/?product=canne-trabucco-oceanic-t-power-surf-4-00m-150gr","title":{"rendered":"CANNE TRABUCCO OCEANIC T-POWER SURF 4.00M 150GR"},"content":{"rendered":"<h5 id=\"tw-target-text\" class=\"tw-data-text tw-text-large tw-ta\" dir=\"ltr\" data-placeholder=\"Traduction\" aria-label=\"Texte traduit\" data-ved=\"2ahUKEwigx6GE4Y-GAxX5S_EDHWKgBvwQ3ewLegQIBhAU\"><span class=\"Y2IQFc\" lang=\"fr\">Canne \u00e0 p\u00eache Trabucco Surf Oceanic Power 4m 150g <\/span><\/h5>\n<h5 class=\"tw-data-text tw-text-large tw-ta\" dir=\"ltr\" data-placeholder=\"Traduction\" aria-label=\"Texte traduit\" data-ved=\"2ahUKEwigx6GE4Y-GAxX5S_EDHWKgBvwQ3ewLegQIBhAU\"><span class=\"Y2IQFc\" lang=\"fr\">&#8211; Puissante 4 pi\u00e8ces \u00e0 action parabolique, id\u00e9ale aussi bien pour la p\u00eache sur plage que <\/span><\/h5>\n<h5 class=\"tw-data-text tw-text-large tw-ta\" dir=\"ltr\" data-placeholder=\"Traduction\" aria-label=\"Texte traduit\" data-ved=\"2ahUKEwigx6GE4Y-GAxX5S_EDHWKgBvwQ3ewLegQIBhAU\"><span class=\"Y2IQFc\" lang=\"fr\">pour la p\u00eache sur plage ou la p\u00eache <\/span><\/h5>\n<h5 class=\"tw-data-text tw-text-large tw-ta\" dir=\"ltr\" data-placeholder=\"Traduction\" aria-label=\"Texte traduit\" data-ved=\"2ahUKEwigx6GE4Y-GAxX5S_EDHWKgBvwQ3ewLegQIBhAU\"><span class=\"Y2IQFc\" lang=\"fr\">&#8211; Renforts sur les finitions par bandes de carbone crois\u00e9es <\/span><\/h5>\n<h5 class=\"tw-data-text tw-text-large tw-ta\" dir=\"ltr\" data-placeholder=\"Traduction\" aria-label=\"Texte traduit\" data-ved=\"2ahUKEwigx6GE4Y-GAxX5S_EDHWKgBvwQ3ewLegQIBhAU\"><span class=\"Y2IQFc\" lang=\"fr\">&#8211; Tube de carbone avec embout color\u00e9 avec laque tr\u00e8s visible <\/span><\/h5>\n<h5 class=\"tw-data-text tw-text-large tw-ta\" dir=\"ltr\" data-placeholder=\"Traduction\" aria-label=\"Texte traduit\" data-ved=\"2ahUKEwigx6GE4Y-GAxX5S_EDHWKgBvwQ3ewLegQIBhAU\"><span class=\"Y2IQFc\" lang=\"fr\">&#8211; Porte-moulinet \u00e0 vis en graphite int\u00e9gr\u00e9 avec joue en acier r\u00e9sistant \u00e0 la corrosion <\/span><\/h5>\n<h5 class=\"tw-data-text tw-text-large tw-ta\" dir=\"ltr\" data-placeholder=\"Traduction\" aria-label=\"Texte traduit\" data-ved=\"2ahUKEwigx6GE4Y-GAxX5S_EDHWKgBvwQ3ewLegQIBhAU\"><span class=\"Y2IQFc\" lang=\"fr\">&#8211; Poign\u00e9e inf\u00e9rieure en mat\u00e9riau antid\u00e9rapant pour une bonne prise en main lors du <\/span><\/h5>\n<h5 class=\"tw-data-text tw-text-large tw-ta\" dir=\"ltr\" data-placeholder=\"Traduction\" aria-label=\"Texte traduit\" data-ved=\"2ahUKEwigx6GE4Y-GAxX5S_EDHWKgBvwQ3ewLegQIBhAU\"><span class=\"Y2IQFc\" lang=\"fr\">lancer Longueur : 4 m, action : 150 g, taille du paquet : 128 cm, sections : 4<\/span><\/h5>\n","protected":false},"excerpt":{"rendered":"<p>Canne \u00e0 p\u00eache Trabucco Surf Oceanic Power 4m 150g &#8211; Puissante 4 pi\u00e8ces \u00e0 action parabolique, id\u00e9ale aussi bien pour<\/p>\n","protected":false},"featured_media":2225,"comment_status":"open","ping_status":"closed","template":"","meta":[],"product_brand":[],"product_cat":[78,22],"product_tag":[],"class_list":{"0":"post-2224","1":"product","2":"type-product","3":"status-publish","4":"has-post-thumbnail","6":"product_cat-cannessurfcasting","7":"product_cat-surfcasting","9":"first","10":"instock","11":"taxable","12":"shipping-taxable","13":"purchasable","14":"product-type-simple"},"jetpack_sharing_enabled":true,"_links":{"self":[{"href":"https:\/\/directionpeche.tn\/index.php?rest_route=\/wp\/v2\/product\/2224","targetHints":{"allow":["GET"]}}],"collection":[{"href":"https:\/\/directionpeche.tn\/index.php?rest_route=\/wp\/v2\/product"}],"about":[{"href":"https:\/\/directionpeche.tn\/index.php?rest_route=\/wp\/v2\/types\/product"}],"replies":[{"embeddable":true,"href":"https:\/\/directionpeche.tn\/index.php?rest_route=%2Fwp%2Fv2%2Fcomments&post=2224"}],"version-history":[{"count":1,"href":"https:\/\/directionpeche.tn\/index.php?rest_route=\/wp\/v2\/product\/2224\/revisions"}],"predecessor-version":[{"id":2227,"href":"https:\/\/directionpeche.tn\/index.php?rest_route=\/wp\/v2\/product\/2224\/revisions\/2227"}],"wp:featuredmedia":[{"embeddable":true,"href":"https:\/\/directionpeche.tn\/index.php?rest_route=\/wp\/v2\/media\/2225"}],"wp:attachment":[{"href":"https:\/\/directionpeche.tn\/index.php?rest_route=%2Fwp%2Fv2%2Fmedia&parent=2224"}],"wp:term":[{"taxonomy":"product_brand","embeddable":true,"href":"https:\/\/directionpeche.tn\/index.php?rest_route=%2Fwp%2Fv2%2Fproduct_brand&post=2224"},{"taxonomy":"product_cat","embeddable":true,"href":"https:\/\/directionpeche.tn\/index.php?rest_route=%2Fwp%2Fv2%2Fproduct_cat&post=2224"},{"taxonomy":"product_tag","embeddable":true,"href":"https:\/\/directionpeche.tn\/index.php?rest_route=%2Fwp%2Fv2%2Fproduct_tag&post=2224"}],"curies":[{"name":"wp","href":"https:\/\/api.w.org\/{rel}","templated":true}]}}