{"id":2354,"date":"2024-05-17T10:55:46","date_gmt":"2024-05-17T10:55:46","guid":{"rendered":"https:\/\/directionpeche.tn\/?post_type=product&#038;p=2354"},"modified":"2024-10-24T16:19:59","modified_gmt":"2024-10-24T16:19:59","slug":"canne-trabucco-huracan-rsx-surf","status":"publish","type":"product","link":"https:\/\/directionpeche.tn\/?product=canne-trabucco-huracan-rsx-surf","title":{"rendered":"CANNE TRABUCCO HURACAN RSX SURF"},"content":{"rendered":"<div><strong>\u2022 Rev\u00eatement externe des sections Slick Surface, qui repousse l&rsquo;humidit\u00e9 et les gouttes d&rsquo;eau, \u00e9vitant l&rsquo;adh\u00e9rence de la ligne \u00e0 la tige<\/strong><\/div>\n<div><strong>\u2022 Vetta Hybrid Tip avec pointe enti\u00e8rement en carbone sans bouchon sur la pointe tubulaire, obtenant une sensibilit\u00e9 extr\u00eame<\/strong><\/div>\n<div><strong>\u2022 Partie finale de la pointe color\u00e9e avec de la peinture haute visibilit\u00e9 et envelopp\u00e9e de ruban r\u00e9fl\u00e9chissant<\/strong><\/div>\n<div><strong>\u2022 Un Tape Grip sp\u00e9cial est appliqu\u00e9 sur les joints ce qui facilite la prise lors du montage et du d\u00e9montage des sections<\/strong><\/div>\n<div><strong>\u2022 Syst\u00e8me d&rsquo;alignement de couplage JTS innovant bas\u00e9 sur trois lignes<\/strong><\/div>\n<div><strong>\u2022 Anneaux fix\u00e9s avec des doubles ligatures, n\u00e9cessaires pour garantir l&rsquo;\u00e9tanch\u00e9it\u00e9 contre la corrosion et le sel<\/strong><\/div>\n<div><strong>\u2022 Porte-moulinet \u00e0 vis DPS en acier avec profils en caoutchouc<\/strong><\/div>\n<h5><strong>\u2022 Poign\u00e9e en caoutchouc inf\u00e9rieure exclusive pour une excellente adh\u00e9rence lors du lancement<\/strong><\/h5>\n","protected":false},"excerpt":{"rendered":"<p>\u2022 Rev\u00eatement externe des sections Slick Surface, qui repousse l&rsquo;humidit\u00e9 et les gouttes d&rsquo;eau, \u00e9vitant l&rsquo;adh\u00e9rence de la ligne \u00e0<\/p>\n","protected":false},"featured_media":2356,"comment_status":"open","ping_status":"closed","template":"","meta":[],"product_brand":[],"product_cat":[78,22],"product_tag":[],"class_list":{"0":"post-2354","1":"product","2":"type-product","3":"status-publish","4":"has-post-thumbnail","6":"product_cat-cannessurfcasting","7":"product_cat-surfcasting","9":"first","10":"instock","11":"taxable","12":"shipping-taxable","13":"purchasable","14":"product-type-variable"},"jetpack_sharing_enabled":true,"_links":{"self":[{"href":"https:\/\/directionpeche.tn\/index.php?rest_route=\/wp\/v2\/product\/2354","targetHints":{"allow":["GET"]}}],"collection":[{"href":"https:\/\/directionpeche.tn\/index.php?rest_route=\/wp\/v2\/product"}],"about":[{"href":"https:\/\/directionpeche.tn\/index.php?rest_route=\/wp\/v2\/types\/product"}],"replies":[{"embeddable":true,"href":"https:\/\/directionpeche.tn\/index.php?rest_route=%2Fwp%2Fv2%2Fcomments&post=2354"}],"version-history":[{"count":1,"href":"https:\/\/directionpeche.tn\/index.php?rest_route=\/wp\/v2\/product\/2354\/revisions"}],"predecessor-version":[{"id":2359,"href":"https:\/\/directionpeche.tn\/index.php?rest_route=\/wp\/v2\/product\/2354\/revisions\/2359"}],"wp:featuredmedia":[{"embeddable":true,"href":"https:\/\/directionpeche.tn\/index.php?rest_route=\/wp\/v2\/media\/2356"}],"wp:attachment":[{"href":"https:\/\/directionpeche.tn\/index.php?rest_route=%2Fwp%2Fv2%2Fmedia&parent=2354"}],"wp:term":[{"taxonomy":"product_brand","embeddable":true,"href":"https:\/\/directionpeche.tn\/index.php?rest_route=%2Fwp%2Fv2%2Fproduct_brand&post=2354"},{"taxonomy":"product_cat","embeddable":true,"href":"https:\/\/directionpeche.tn\/index.php?rest_route=%2Fwp%2Fv2%2Fproduct_cat&post=2354"},{"taxonomy":"product_tag","embeddable":true,"href":"https:\/\/directionpeche.tn\/index.php?rest_route=%2Fwp%2Fv2%2Fproduct_tag&post=2354"}],"curies":[{"name":"wp","href":"https:\/\/api.w.org\/{rel}","templated":true}]}}