{"id":2528,"date":"2024-05-21T15:05:19","date_gmt":"2024-05-21T15:05:19","guid":{"rendered":"https:\/\/directionpeche.tn\/?post_type=product&#038;p=2528"},"modified":"2024-10-24T16:27:28","modified_gmt":"2024-10-24T16:27:28","slug":"micro-emerillon-trabucco","status":"publish","type":"product","link":"https:\/\/directionpeche.tn\/?product=micro-emerillon-trabucco","title":{"rendered":"MICRO EMERILLON TRABUCCO"},"content":{"rendered":"<h5>\u00c9merillon Trabucco Mini Rolling Round Fishing en acier tr\u00e8s r\u00e9sistant.<\/h5>\n<h5>Con\u00e7u pour diff\u00e9rents types de p\u00eache comme la p\u00eache \u00e0 la tra\u00eene, le surfcasting et bien<\/h5>\n<h5>d&rsquo;autres.<\/h5>\n<ul>\n<li>\n<h5>Taille 20 &#8211; 14kg &#8211; 31lb<\/h5>\n<\/li>\n<li>\n<h5>Taille 22 &#8211; 9kg &#8211; 20lb<\/h5>\n<\/li>\n<li>\n<h5>Taille 24 &#8211; 4kg &#8211; 9lb<\/h5>\n<\/li>\n<\/ul>\n","protected":false},"excerpt":{"rendered":"<p>\u00c9merillon Trabucco Mini Rolling Round Fishing en acier tr\u00e8s r\u00e9sistant. Con\u00e7u pour diff\u00e9rents types de p\u00eache comme la p\u00eache \u00e0<\/p>\n","protected":false},"featured_media":2529,"comment_status":"open","ping_status":"closed","template":"","meta":[],"product_brand":[],"product_cat":[77,85,90,32,31,22],"product_tag":[],"class_list":{"0":"post-2528","1":"product","2":"type-product","3":"status-publish","4":"has-post-thumbnail","6":"product_cat-accessoiresdivers","7":"product_cat-accessoiresdivers-surfcasting","8":"product_cat-accessoires-divers","9":"product_cat-bateau","10":"product_cat-pecheauflotteur","11":"product_cat-surfcasting","13":"first","14":"instock","15":"taxable","16":"shipping-taxable","17":"purchasable","18":"product-type-variable"},"jetpack_sharing_enabled":true,"_links":{"self":[{"href":"https:\/\/directionpeche.tn\/index.php?rest_route=\/wp\/v2\/product\/2528","targetHints":{"allow":["GET"]}}],"collection":[{"href":"https:\/\/directionpeche.tn\/index.php?rest_route=\/wp\/v2\/product"}],"about":[{"href":"https:\/\/directionpeche.tn\/index.php?rest_route=\/wp\/v2\/types\/product"}],"replies":[{"embeddable":true,"href":"https:\/\/directionpeche.tn\/index.php?rest_route=%2Fwp%2Fv2%2Fcomments&post=2528"}],"version-history":[{"count":3,"href":"https:\/\/directionpeche.tn\/index.php?rest_route=\/wp\/v2\/product\/2528\/revisions"}],"predecessor-version":[{"id":2739,"href":"https:\/\/directionpeche.tn\/index.php?rest_route=\/wp\/v2\/product\/2528\/revisions\/2739"}],"wp:featuredmedia":[{"embeddable":true,"href":"https:\/\/directionpeche.tn\/index.php?rest_route=\/wp\/v2\/media\/2529"}],"wp:attachment":[{"href":"https:\/\/directionpeche.tn\/index.php?rest_route=%2Fwp%2Fv2%2Fmedia&parent=2528"}],"wp:term":[{"taxonomy":"product_brand","embeddable":true,"href":"https:\/\/directionpeche.tn\/index.php?rest_route=%2Fwp%2Fv2%2Fproduct_brand&post=2528"},{"taxonomy":"product_cat","embeddable":true,"href":"https:\/\/directionpeche.tn\/index.php?rest_route=%2Fwp%2Fv2%2Fproduct_cat&post=2528"},{"taxonomy":"product_tag","embeddable":true,"href":"https:\/\/directionpeche.tn\/index.php?rest_route=%2Fwp%2Fv2%2Fproduct_tag&post=2528"}],"curies":[{"name":"wp","href":"https:\/\/api.w.org\/{rel}","templated":true}]}}