{"id":3027,"date":"2024-12-24T09:31:17","date_gmt":"2024-12-24T09:31:17","guid":{"rendered":"https:\/\/directionpeche.tn\/?post_type=product&#038;p=3027"},"modified":"2024-12-24T09:31:17","modified_gmt":"2024-12-24T09:31:17","slug":"canne-trabucco-nemesea-4-20m-250gr","status":"publish","type":"product","link":"https:\/\/directionpeche.tn\/?product=canne-trabucco-nemesea-4-20m-250gr","title":{"rendered":"CANNE TRABUCCO NEMESEA 4.20M 250GR"},"content":{"rendered":"<h4 id=\"tw-target-text\" class=\"tw-data-text tw-text-large tw-ta\" dir=\"ltr\" data-placeholder=\"Traduction\" data-ved=\"2ahUKEwiA1oCQi8CKAxUEWEEAHTAnJxQQ3ewLegQICRAU\" aria-label=\"Texte traduit\u00a0: Structure en carbone \u00e0 tr\u00e8s haut module CXN Nano Tek \u00e0 faible teneur en r\u00e9sine avec une faible teneur en r\u00e9sine. La technologie Twist Free bloque la torsion du blank et augmente la distance et la pr\u00e9cision du lancer. Enveloppement de carbone \u00e0 45\u00b0 sur les joints pour obtenir une courbure parfaite (X-Joint). Partie finale de la spatule en carbone massif, ins\u00e9r\u00e9e et coll\u00e9e sur une partie tubulaire (Hybrid Tip), avec partie finale peinte haute visibilit\u00e9. La finition externe Slick Surface est capable de repousser les gouttes d'eau, emp\u00eachant ainsi la ligne de coller au canon. Guides SeaGuide SiC avec cadre en K en acier inoxydable, s\u00e9curis\u00e9s par une double fixation qui scelle les pieds contre l'intrusion de l'eau sal\u00e9e. Porte-moulinet ergonomique Fuji Long Nose DNPS en graphite. Poign\u00e9e de forme exclusive et ergonomique pour un contr\u00f4le total pendant le lancer.\"><span class=\"Y2IQFc\" lang=\"fr\">Structure en carbone \u00e0 tr\u00e8s haut module CXN Nano Tek \u00e0 faible teneur en r\u00e9sine avec une faible teneur en r\u00e9sine. La technologie Twist Free bloque la torsion du blank et augmente la distance et la pr\u00e9cision du lancer. Enveloppement de carbone \u00e0 45\u00b0 sur les joints pour obtenir une courbure parfaite (X-Joint). Partie finale de la spatule en carbone massif, ins\u00e9r\u00e9e et coll\u00e9e sur une partie tubulaire (Hybrid Tip), avec partie finale peinte haute visibilit\u00e9. La finition externe Slick Surface est capable de repousser les gouttes d&rsquo;eau, emp\u00eachant ainsi la ligne de coller au canon. Guides SeaGuide SiC avec cadre en K en acier inoxydable, s\u00e9curis\u00e9s par une double fixation qui scelle les pieds contre l&rsquo;intrusion de l&rsquo;eau sal\u00e9e. Porte-moulinet ergonomique Fuji Long Nose DNPS en graphite. Poign\u00e9e de forme exclusive et ergonomique pour un contr\u00f4le total pendant le lancer.<\/span><\/h4>\n","protected":false},"excerpt":{"rendered":"<p>Structure en carbone \u00e0 tr\u00e8s haut module CXN Nano Tek \u00e0 faible teneur en r\u00e9sine avec une faible teneur en<\/p>\n","protected":false},"featured_media":3028,"comment_status":"open","ping_status":"closed","template":"","meta":[],"product_brand":[],"product_cat":[78,22],"product_tag":[],"class_list":{"0":"post-3027","1":"product","2":"type-product","3":"status-publish","4":"has-post-thumbnail","6":"product_cat-cannessurfcasting","7":"product_cat-surfcasting","9":"first","10":"instock","11":"taxable","12":"shipping-taxable","13":"purchasable","14":"product-type-simple"},"jetpack_sharing_enabled":true,"_links":{"self":[{"href":"https:\/\/directionpeche.tn\/index.php?rest_route=\/wp\/v2\/product\/3027","targetHints":{"allow":["GET"]}}],"collection":[{"href":"https:\/\/directionpeche.tn\/index.php?rest_route=\/wp\/v2\/product"}],"about":[{"href":"https:\/\/directionpeche.tn\/index.php?rest_route=\/wp\/v2\/types\/product"}],"replies":[{"embeddable":true,"href":"https:\/\/directionpeche.tn\/index.php?rest_route=%2Fwp%2Fv2%2Fcomments&post=3027"}],"version-history":[{"count":1,"href":"https:\/\/directionpeche.tn\/index.php?rest_route=\/wp\/v2\/product\/3027\/revisions"}],"predecessor-version":[{"id":3033,"href":"https:\/\/directionpeche.tn\/index.php?rest_route=\/wp\/v2\/product\/3027\/revisions\/3033"}],"wp:featuredmedia":[{"embeddable":true,"href":"https:\/\/directionpeche.tn\/index.php?rest_route=\/wp\/v2\/media\/3028"}],"wp:attachment":[{"href":"https:\/\/directionpeche.tn\/index.php?rest_route=%2Fwp%2Fv2%2Fmedia&parent=3027"}],"wp:term":[{"taxonomy":"product_brand","embeddable":true,"href":"https:\/\/directionpeche.tn\/index.php?rest_route=%2Fwp%2Fv2%2Fproduct_brand&post=3027"},{"taxonomy":"product_cat","embeddable":true,"href":"https:\/\/directionpeche.tn\/index.php?rest_route=%2Fwp%2Fv2%2Fproduct_cat&post=3027"},{"taxonomy":"product_tag","embeddable":true,"href":"https:\/\/directionpeche.tn\/index.php?rest_route=%2Fwp%2Fv2%2Fproduct_tag&post=3027"}],"curies":[{"name":"wp","href":"https:\/\/api.w.org\/{rel}","templated":true}]}}